{"id":24,"date":"2025-05-11T16:09:08","date_gmt":"2025-05-11T14:09:08","guid":{"rendered":"https:\/\/www.medicalteam87.fr\/?page_id=24"},"modified":"2025-05-11T16:09:08","modified_gmt":"2025-05-11T14:09:08","slug":"demande-de-devis","status":"publish","type":"page","link":"https:\/\/www.medicalteam87.fr\/index.php\/demande-de-devis\/","title":{"rendered":"Demande de devis"},"content":{"rendered":"<div class=\"wpforms-container wpforms-container-full wpforms-render-modern\" id=\"wpforms-15\"><form id=\"wpforms-form-15\" class=\"wpforms-validate wpforms-form wpforms-ajax-form\" data-formid=\"15\" method=\"post\" enctype=\"multipart\/form-data\" action=\"\/index.php\/wp-json\/wp\/v2\/pages\/24\" data-token=\"0128bbf0f7a4bc147461793915f2fb5c\" data-token-time=\"1775577084\"><noscript class=\"wpforms-error-noscript\">Please enable JavaScript in your browser to complete this form.<\/noscript><div class=\"wpforms-hidden\" id=\"wpforms-error-noscript\">Please enable JavaScript in your browser to complete this form.<\/div><div class=\"wpforms-field-container\"><div id=\"wpforms-15-field_1-container\" class=\"wpforms-field wpforms-field-name\" data-field-id=\"1\"><fieldset><legend class=\"wpforms-field-label\">Vous concernant <span class=\"wpforms-required-label\" aria-hidden=\"true\">*<\/span><\/legend><div class=\"wpforms-field-row wpforms-field-medium\"><div class=\"wpforms-field-row-block wpforms-first wpforms-one-half\"><input type=\"text\" id=\"wpforms-15-field_1\" class=\"wpforms-field-name-first wpforms-field-required\" name=\"wpforms[fields][1][first]\" aria-errormessage=\"wpforms-15-field_1-error\" required><label for=\"wpforms-15-field_1\" class=\"wpforms-field-sublabel after\">First<\/label><\/div><div class=\"wpforms-field-row-block wpforms-one-half\"><input type=\"text\" id=\"wpforms-15-field_1-last\" class=\"wpforms-field-name-last wpforms-field-required\" name=\"wpforms[fields][1][last]\" aria-errormessage=\"wpforms-15-field_1-last-error\" required><label for=\"wpforms-15-field_1-last\" class=\"wpforms-field-sublabel after\">Last<\/label><\/div><\/div><\/fieldset><\/div><div id=\"wpforms-15-field_4-container\" class=\"wpforms-field wpforms-field-text\" data-field-id=\"4\"><label class=\"wpforms-field-label\" for=\"wpforms-15-field_4\">Association ou soci\u00e9t\u00e9 <span class=\"wpforms-required-label\" aria-hidden=\"true\">*<\/span><\/label><input type=\"text\" id=\"wpforms-15-field_4\" class=\"wpforms-field-medium wpforms-field-required\" name=\"wpforms[fields][4]\" aria-errormessage=\"wpforms-15-field_4-error\" required><\/div><div id=\"wpforms-15-field_2-container\" class=\"wpforms-field wpforms-field-email\" data-field-id=\"2\"><label class=\"wpforms-field-label\" for=\"wpforms-15-field_2\">E-mail <span class=\"wpforms-required-label\" aria-hidden=\"true\">*<\/span><\/label><input type=\"email\" id=\"wpforms-15-field_2\" class=\"wpforms-field-medium wpforms-field-required\" name=\"wpforms[fields][2]\" spellcheck=\"false\" aria-errormessage=\"wpforms-15-field_2-error\" required><\/div><div id=\"wpforms-15-field_9-container\" class=\"wpforms-field wpforms-field-text\" data-field-id=\"9\"><label class=\"wpforms-field-label\" for=\"wpforms-15-field_9\">Num\u00e9ro de t\u00e9l\u00e9phone <span class=\"wpforms-required-label\" aria-hidden=\"true\">*<\/span><\/label><input type=\"text\" id=\"wpforms-15-field_9\" class=\"wpforms-field-medium wpforms-field-required\" name=\"wpforms[fields][9]\" aria-errormessage=\"wpforms-15-field_9-error\" required><\/div><div id=\"wpforms-15-field_5-container\" class=\"wpforms-field wpforms-field-text\" data-field-id=\"5\"><label class=\"wpforms-field-label\" for=\"wpforms-15-field_5\">Intitul\u00e9 de l&#039;\u00e9venement <span class=\"wpforms-required-label\" aria-hidden=\"true\">*<\/span><\/label><input type=\"text\" id=\"wpforms-15-field_5\" class=\"wpforms-field-medium wpforms-field-required\" name=\"wpforms[fields][5]\" aria-errormessage=\"wpforms-15-field_5-error\" required><\/div><div id=\"wpforms-15-field_6-container\" class=\"wpforms-field wpforms-field-textarea\" data-field-id=\"6\"><label class=\"wpforms-field-label\" for=\"wpforms-15-field_6\">Description de l&#039;\u00e9v\u00e8nement <span class=\"wpforms-required-label\" aria-hidden=\"true\">*<\/span><\/label><textarea id=\"wpforms-15-field_6\" class=\"wpforms-field-medium wpforms-field-required\" name=\"wpforms[fields][6]\" aria-errormessage=\"wpforms-15-field_6-error\" aria-describedby=\"wpforms-15-field_6-description\" required><\/textarea><div id=\"wpforms-15-field_6-description\" class=\"wpforms-field-description\">Dates, heures, nombre de personnes pr\u00e9sentes, pr\u00e9sence d'une association (Croix Rouge, protection civile...)<\/div><\/div><div id=\"wpforms-15-field_8-container\" class=\"wpforms-field wpforms-field-checkbox\" data-field-id=\"8\"><fieldset><legend class=\"wpforms-field-label\">Demande <span class=\"wpforms-required-label\" aria-hidden=\"true\">*<\/span><\/legend><ul id=\"wpforms-15-field_8\" class=\"wpforms-field-required\"><li class=\"choice-1 depth-1\"><input type=\"checkbox\" id=\"wpforms-15-field_8_1\" name=\"wpforms[fields][8][]\" value=\"Un m\u00e9decin\" aria-errormessage=\"wpforms-15-field_8_1-error\" required ><label class=\"wpforms-field-label-inline\" for=\"wpforms-15-field_8_1\">Un m\u00e9decin<\/label><\/li><li class=\"choice-2 depth-1\"><input type=\"checkbox\" id=\"wpforms-15-field_8_2\" name=\"wpforms[fields][8][]\" value=\"Un infirmier\" aria-errormessage=\"wpforms-15-field_8_2-error\" required ><label class=\"wpforms-field-label-inline\" for=\"wpforms-15-field_8_2\">Un infirmier<\/label><\/li><\/ul><\/fieldset><\/div><div id=\"wpforms-15-field_3-container\" class=\"wpforms-field wpforms-field-textarea\" data-field-id=\"3\"><label class=\"wpforms-field-label\" for=\"wpforms-15-field_3\">Commentaire ou message<\/label><textarea id=\"wpforms-15-field_3\" class=\"wpforms-field-medium\" name=\"wpforms[fields][3]\" aria-errormessage=\"wpforms-15-field_3-error\" ><\/textarea><\/div><\/div><!-- .wpforms-field-container --><div class=\"wpforms-recaptcha-container wpforms-is-recaptcha wpforms-is-recaptcha-type-v3\" ><input type=\"hidden\" name=\"wpforms[recaptcha]\" value=\"\"><\/div><div class=\"wpforms-submit-container\" ><input type=\"hidden\" name=\"wpforms[id]\" value=\"15\"><input type=\"hidden\" name=\"page_title\" value=\"\"><input type=\"hidden\" name=\"page_url\" value=\"https:\/\/www.medicalteam87.fr\/index.php\/wp-json\/wp\/v2\/pages\/24\"><input type=\"hidden\" name=\"url_referer\" value=\"\"><button type=\"submit\" name=\"wpforms[submit]\" id=\"wpforms-submit-15\" class=\"wpforms-submit\" data-alt-text=\"Envoi...\" data-submit-text=\"Envoyer\" aria-live=\"assertive\" value=\"wpforms-submit\">Envoyer<\/button><img loading=\"lazy\" decoding=\"async\" src=\"https:\/\/www.medicalteam87.fr\/wp-content\/plugins\/wpforms-lite\/assets\/images\/submit-spin.svg\" class=\"wpforms-submit-spinner\" style=\"display: none;\" width=\"26\" height=\"26\" alt=\"Loading\"><\/div><\/form><\/div>  <!-- .wpforms-container -->\n","protected":false},"excerpt":{"rendered":"","protected":false},"author":1,"featured_media":0,"parent":0,"menu_order":0,"comment_status":"closed","ping_status":"closed","template":"","meta":{"footnotes":""},"class_list":["post-24","page","type-page","status-publish","hentry"],"yoast_head":"<!-- This site is optimized with the Yoast SEO plugin v25.0 - https:\/\/yoast.com\/wordpress\/plugins\/seo\/ -->\n<title>Demande de devis - Medical Team 87<\/title>\n<meta name=\"robots\" content=\"index, follow, max-snippet:-1, max-image-preview:large, max-video-preview:-1\" \/>\n<link rel=\"canonical\" href=\"https:\/\/www.medicalteam87.fr\/index.php\/demande-de-devis\/\" \/>\n<meta property=\"og:locale\" content=\"en_US\" \/>\n<meta property=\"og:type\" content=\"article\" \/>\n<meta property=\"og:title\" content=\"Demande de devis - Medical Team 87\" \/>\n<meta property=\"og:url\" content=\"https:\/\/www.medicalteam87.fr\/index.php\/demande-de-devis\/\" \/>\n<meta property=\"og:site_name\" content=\"Medical Team 87\" \/>\n<meta name=\"twitter:card\" content=\"summary_large_image\" \/>\n<script type=\"application\/ld+json\" class=\"yoast-schema-graph\">{\"@context\":\"https:\/\/schema.org\",\"@graph\":[{\"@type\":\"WebPage\",\"@id\":\"https:\/\/www.medicalteam87.fr\/index.php\/demande-de-devis\/\",\"url\":\"https:\/\/www.medicalteam87.fr\/index.php\/demande-de-devis\/\",\"name\":\"Demande de devis - Medical Team 87\",\"isPartOf\":{\"@id\":\"http:\/\/www.medicalteam87.fr\/#website\"},\"datePublished\":\"2025-05-11T14:09:08+00:00\",\"breadcrumb\":{\"@id\":\"https:\/\/www.medicalteam87.fr\/index.php\/demande-de-devis\/#breadcrumb\"},\"inLanguage\":\"en-US\",\"potentialAction\":[{\"@type\":\"ReadAction\",\"target\":[\"https:\/\/www.medicalteam87.fr\/index.php\/demande-de-devis\/\"]}]},{\"@type\":\"BreadcrumbList\",\"@id\":\"https:\/\/www.medicalteam87.fr\/index.php\/demande-de-devis\/#breadcrumb\",\"itemListElement\":[{\"@type\":\"ListItem\",\"position\":1,\"name\":\"Accueil\",\"item\":\"http:\/\/www.medicalteam87.fr\/\"},{\"@type\":\"ListItem\",\"position\":2,\"name\":\"Demande de devis\"}]},{\"@type\":\"WebSite\",\"@id\":\"http:\/\/www.medicalteam87.fr\/#website\",\"url\":\"http:\/\/www.medicalteam87.fr\/\",\"name\":\"Medical Team 87\",\"description\":\"M\u00e9dicalisation d&#039;\u00e9v\u00e8nement en Haute Vienne\",\"publisher\":{\"@id\":\"http:\/\/www.medicalteam87.fr\/#organization\"},\"potentialAction\":[{\"@type\":\"SearchAction\",\"target\":{\"@type\":\"EntryPoint\",\"urlTemplate\":\"http:\/\/www.medicalteam87.fr\/?s={search_term_string}\"},\"query-input\":{\"@type\":\"PropertyValueSpecification\",\"valueRequired\":true,\"valueName\":\"search_term_string\"}}],\"inLanguage\":\"en-US\"},{\"@type\":\"Organization\",\"@id\":\"http:\/\/www.medicalteam87.fr\/#organization\",\"name\":\"Medical Team 87\",\"url\":\"http:\/\/www.medicalteam87.fr\/\",\"logo\":{\"@type\":\"ImageObject\",\"inLanguage\":\"en-US\",\"@id\":\"http:\/\/www.medicalteam87.fr\/#\/schema\/logo\/image\/\",\"url\":\"https:\/\/www.medicalteam87.fr\/wp-content\/uploads\/2025\/05\/logo-medical-team.png\",\"contentUrl\":\"https:\/\/www.medicalteam87.fr\/wp-content\/uploads\/2025\/05\/logo-medical-team.png\",\"width\":778,\"height\":412,\"caption\":\"Medical Team 87\"},\"image\":{\"@id\":\"http:\/\/www.medicalteam87.fr\/#\/schema\/logo\/image\/\"}}]}<\/script>\n<!-- \/ Yoast SEO plugin. -->","yoast_head_json":{"title":"Demande de devis - Medical Team 87","robots":{"index":"index","follow":"follow","max-snippet":"max-snippet:-1","max-image-preview":"max-image-preview:large","max-video-preview":"max-video-preview:-1"},"canonical":"https:\/\/www.medicalteam87.fr\/index.php\/demande-de-devis\/","og_locale":"en_US","og_type":"article","og_title":"Demande de devis - Medical Team 87","og_url":"https:\/\/www.medicalteam87.fr\/index.php\/demande-de-devis\/","og_site_name":"Medical Team 87","twitter_card":"summary_large_image","schema":{"@context":"https:\/\/schema.org","@graph":[{"@type":"WebPage","@id":"https:\/\/www.medicalteam87.fr\/index.php\/demande-de-devis\/","url":"https:\/\/www.medicalteam87.fr\/index.php\/demande-de-devis\/","name":"Demande de devis - Medical Team 87","isPartOf":{"@id":"http:\/\/www.medicalteam87.fr\/#website"},"datePublished":"2025-05-11T14:09:08+00:00","breadcrumb":{"@id":"https:\/\/www.medicalteam87.fr\/index.php\/demande-de-devis\/#breadcrumb"},"inLanguage":"en-US","potentialAction":[{"@type":"ReadAction","target":["https:\/\/www.medicalteam87.fr\/index.php\/demande-de-devis\/"]}]},{"@type":"BreadcrumbList","@id":"https:\/\/www.medicalteam87.fr\/index.php\/demande-de-devis\/#breadcrumb","itemListElement":[{"@type":"ListItem","position":1,"name":"Accueil","item":"http:\/\/www.medicalteam87.fr\/"},{"@type":"ListItem","position":2,"name":"Demande de devis"}]},{"@type":"WebSite","@id":"http:\/\/www.medicalteam87.fr\/#website","url":"http:\/\/www.medicalteam87.fr\/","name":"Medical Team 87","description":"M\u00e9dicalisation d&#039;\u00e9v\u00e8nement en Haute Vienne","publisher":{"@id":"http:\/\/www.medicalteam87.fr\/#organization"},"potentialAction":[{"@type":"SearchAction","target":{"@type":"EntryPoint","urlTemplate":"http:\/\/www.medicalteam87.fr\/?s={search_term_string}"},"query-input":{"@type":"PropertyValueSpecification","valueRequired":true,"valueName":"search_term_string"}}],"inLanguage":"en-US"},{"@type":"Organization","@id":"http:\/\/www.medicalteam87.fr\/#organization","name":"Medical Team 87","url":"http:\/\/www.medicalteam87.fr\/","logo":{"@type":"ImageObject","inLanguage":"en-US","@id":"http:\/\/www.medicalteam87.fr\/#\/schema\/logo\/image\/","url":"https:\/\/www.medicalteam87.fr\/wp-content\/uploads\/2025\/05\/logo-medical-team.png","contentUrl":"https:\/\/www.medicalteam87.fr\/wp-content\/uploads\/2025\/05\/logo-medical-team.png","width":778,"height":412,"caption":"Medical Team 87"},"image":{"@id":"http:\/\/www.medicalteam87.fr\/#\/schema\/logo\/image\/"}}]}},"_links":{"self":[{"href":"https:\/\/www.medicalteam87.fr\/index.php\/wp-json\/wp\/v2\/pages\/24","targetHints":{"allow":["GET"]}}],"collection":[{"href":"https:\/\/www.medicalteam87.fr\/index.php\/wp-json\/wp\/v2\/pages"}],"about":[{"href":"https:\/\/www.medicalteam87.fr\/index.php\/wp-json\/wp\/v2\/types\/page"}],"author":[{"embeddable":true,"href":"https:\/\/www.medicalteam87.fr\/index.php\/wp-json\/wp\/v2\/users\/1"}],"replies":[{"embeddable":true,"href":"https:\/\/www.medicalteam87.fr\/index.php\/wp-json\/wp\/v2\/comments?post=24"}],"version-history":[{"count":1,"href":"https:\/\/www.medicalteam87.fr\/index.php\/wp-json\/wp\/v2\/pages\/24\/revisions"}],"predecessor-version":[{"id":25,"href":"https:\/\/www.medicalteam87.fr\/index.php\/wp-json\/wp\/v2\/pages\/24\/revisions\/25"}],"wp:attachment":[{"href":"https:\/\/www.medicalteam87.fr\/index.php\/wp-json\/wp\/v2\/media?parent=24"}],"curies":[{"name":"wp","href":"https:\/\/api.w.org\/{rel}","templated":true}]}}